4. Let r be v(-33). Let x(z) = z**2 + 18*z - 13. Calculate x(r).
6
Suppose -49 = -u + 2*w, 4*u + 0*u = 3*w + 191. Let v = u - 38. Let x(i) = -4*i + i + v + i + 0. Determine x(6).
-3
Let u(r) = 8*r**2 - 7*r + 3. Let q(g) = -7*g**2 + 6*g - 2. Let w(y) = 15*y + 245. Let x be w(-16). Let b(z) = x*u(z) + 6*q(z). Calculate b(-2).
-7
Let c(r) = -10*r**2 + r - 2. Let b(g) = 45*g**2 + 341*g - 64. Let w(z) = -b(z) - 5*c(z). Determine w(69).
5
Suppose 5*b = -8*b + 624. Let w be b - 6/3*1. Let r(h) = -24*h - w + 46. What is r(1)?
-24
Let j = -14656 - -14656. Let v(f) = 2*f**3 + f**2 + f - 41. Give v(j).
-41
Let n be -23 - (-18 - (-3 - 3)). Let r(u) = -u**3 - 10*u**2 + 8*u - 33. What is r(n)?
0
Let n(g) = 0*g + 13*g - g - 9 - 8*g - 6*g. What is n(-4)?
-1
Suppose -118*q + 167 = -187. Let i(j) = j - 2*j**2 + 3*j**2 - 6 + 7. Calculate i(q).
13
Let b(a) be the third derivative of 30*a**2 + 7/12*a**4 + 0*a - 1/720*a**6 + 0 + 0*a**5 + 0*a**3. Let x(g) be the second derivative of b(g). Calculate x(-4).
4
Let x(i) be the third derivative of 3*i**2 + 1/6*i**3 + 1/120*i**6 + 1/60*i**5 + 0*i - 1/8*i**4 - 27. Determine x(-2).
3
Suppose -469 = -29*s - 38*s. Let c(p) = -p**2 + 9*p - 8. Determine c(s).
6
Let o(f) = -f**3 - 4*f**2 - 4*f + 1. Let a(s) = s**2 - 4*s - 3. Let t be a(5). Suppose v + 120 = -t*v. Let d be -9*(v/(-15))/8. What is o(d)?
4
Let q(w) be the first derivative of 0*w**2 + 0*w + 1/3*w**3 + 1/4*w**4 - 220. What is q(3)?
36
Let a(r) = 3 + 0 + 426*r - 6 + 0 - 425*r. Let b(l) = l**3 + l**2 + 4*l + 3. Let s be b(-2). Give a(s).
-12
Let s be (-15)/(-180)*6*-26. Let h(a) = -5*a - 11. Let f(u) = -11*u - 21. Let y(r) = -2*f(r) + 5*h(r). What is y(s)?
26
Let t = -12884/5 + 25783/10. Let s(o) be the first derivative of -t*o**2 - 26 - o. Calculate s(2).
-7
Let p(b) = -5*b + 84. Suppose 46*m - 289 = 20*m + 9*m. Calculate p(m).
-1
Let z(q) = -q**2 - 9*q + 43. Let f be (-36)/(-48) - (-559)/(-52). What is z(f)?
33
Suppose -255 = -25*g - 280. Let w(x) be the second derivative of 5*x**4/6 + x**3/6 + 4*x. What is w(g)?
9
Let b(g) = g**2 - 9*g - 5. Suppose 60 = q + 4*q. Let y(n) = 14*n + 70*n**2 - 71*n**2 - 9 - 6. Let p be y(q). Give b(p).
-5
Let m(h) = 3*h - 578428 + 1157031 - 578529. Calculate m(-28).
-10
Suppose 20*m = 25*m - 415. Let c be m + -82 - (0 + 1 + 0). Let l(h) = -1 - 11*h**2 - 4*h**2 + c*h**2. Determine l(1).
-16
Suppose 12 = -2*f - 3*d, 4*d + 443 - 404 = 5*f. Let y(u) = 2*u - 21. Give y(f).
-15
Let w(j) = -j**2 - 5*j + 4. Let v be 8/(((-70)/(-25))/(-7)). Let t be (6/9)/(v/210). Calculate w(t).
-10
Suppose v = t - 0*v, v = -5*t. Let s(y) = -4*y + 42. Let g be s(10). Let k(z) = 3*z**g - 5*z**2 + 64 - 71 + 3*z**2. Give k(t).
-7
Let d = 0 - 3. Let r(b) = -152*b**2 + 13*b - 11*b + 65*b**2 - b + 84*b**2. What is r(d)?
-30
Let t(r) = -r**2 + 11*r - 21. Let i be (-26)/(-4) - (-49)/98. Calculate t(i).
7
Let l = -162 - -165. Suppose 2*u = 3*t + 2, -l*t + 7*t = -4*u + 24. Let v(d) = d**2 - 2*d - 5. Give v(u).
3
Suppose -4*d = -g, 5*g + 66 = 112*d - 114*d. Let l(q) = 7*q + 13. Let m(b) = 8*b + 14. Let t(k) = -4*l(k) + 3*m(k). Give t(g).
38
Let m be (-1 - -2) + 0 + -5. Let i(f) be the second derivative of f**4/12 + f**3/6 - 2*f**2 + 4200*f. What is i(m)?
8
Let z = 9 + -10. Let x(u) = -11*u**3 + u + 1. Let o(w) = -10*w**3 + w + 1. Let f(q) = -7*o(q) + 6*x(q). Determine f(z).
-4
Let j(f) = -f**3 - 13*f**2 - 22*f + 10. Suppose -21*a - 243 + 12 = 0. Calculate j(a).
10
Suppose -5*f = y + 95, -2*f + 3*y - 4 - 51 = 0. Let l(a) = a**3 + 21*a**2 + 20*a - 15. Give l(f).
-15
Let r(s) = -103 + 999*s - 483*s - s**2 - 495*s. Determine r(11).
7
Let y(p) = p + 2. Let t(i) be the first derivative of -i**4/4 - 2*i**3 + 3*i**2 - 5*i - 27. Let z be t(-7). Suppose x + z = -0*x. Determine y(x).
0
Let q(g) be the second derivative of 0*g**3 + 0 + 42*g - 7/20*g**5 - 1/6*g**4 + 1/2*g**2. Determine q(1).
-8
Let j(z) = z**3 + 6*z**2 + 7*z + 7. Suppose -118 + 374 = 4*w. Let u = 102 - w. Let q = u - 43. Calculate j(q).
-3
Let a(z) be the second derivative of 21/2*z**2 - 3 - 1/3*z**3 - 7*z. Calculate a(10).
1
Let t = 418 + -232. Suppose -5*x - 4*i = t, -3*x = -0*i - 3*i + 90. Let b = 29 + x. Let r(h) = h + 7. What is r(b)?
2
Let i(p) = 8*p - 10. Let u(n) = 8*n + 13. Let q(o) = -4*i(o) + 5*u(o). Determine q(-12).
9
Let x(b) = 17*b**2 - 3*b - 4. Let j be x(-1). Suppose j = 6*i - 2. Suppose 10 = -i*a - 8. Let l(g) = -g**2 - 4*g + 5. Determine l(a).
-7
Let v(h) = 4*h. Suppose -139*l + 143*l - 1776 = 0. Let a = 448 - l. What is v(a)?
16
Let l(m) = m - 3 - m + 7*m - 6*m**2 - 1. Let x be l(2). Let g be 2/x - (-612)/(-126). Let c(f) = -f**2 - 4*f + 3. Determine c(g).
-2
Let c(k) = -2*k**2 + 2*k + 3. Suppose -28*m + 105 = 133. Calculate c(m).
-1
Let k(t) = 36*t + 12*t - 1 + t**2 - 44*t - 2 - t**3 - 5*t**2. Suppose 2*d - 28 = -2*d. Let b be (d + -11)*(-10)/(-8). Determine k(b).
2
Let k(p) = 9*p**2. Suppose -4*q + 75 = -2*u - 3*q, 151 = -4*u + 3*q. Let c(i) = -i**3 - 37*i**2 - 2. Let n be c(u). Calculate k(n).
36
Let p(c) = -c**3 + 2*c**2 + 7*c - 14. Let f be (196/(-392))/(2/(-16)*2). Calculate p(f).
0
Suppose 2*q - 4*x - 5 + 13 = 0, 5*x = 15. Suppose 12*m + 86 = q. Let s(c) = -c**2 - 8*c + 8. Determine s(m).
15
Let r(t) = 39*t - 53*t - 54 + 48. Give r(-2).
22
Let s(j) = 3*j - 51. Let o = -1125 + 1134. What is s(o)?
-24
Let y(i) be the first derivative of i**5/120 + 5*i**4/24 + i**3/3 + 15*i + 253. Let v(b) be the third derivative of y(b). Determine v(-7).
-2
Let b(q) = q**3 - 3953*q + 15 + 7897*q - q**2 - 3953*q. Give b(2).
1
Let b(u) = -8*u - 38. Let o(k) = -7*k - 32. Let c(f) = 6*b(f) - 7*o(f). Let x = 39 + -14. Suppose -d + x = 4*d. Determine c(d).
1
Let x(b) = 3*b + 5. Let u(q) be the second derivative of 0 + 3/2*q**3 + 20*q**2 + 17*q. Let p be u(-4). Determine x(p).
17
Suppose -28*k - 64 = -92*k. Let i(s) = 11*s**3 + 2*s**2 + 2*s - 3. Give i(k).
12
Suppose -18*w + 15*w - 15 = -3*r, 3*w - 5*r + 27 = 0. Let f(h) = -73*h**2 - 1. Determine f(w).
-74
Let v(d) be the first derivative of d**3 - 6 - 21*d - 1/2*d**2. Let b(s) be the first derivative of v(s). Determine b(-1).
-7
Let a(i) be the second derivative of -i**4/12 - 23*i**3/6 + 33*i**2/2 + 2352*i. Calculate a(-25).
-17
Let m(g) = -7*g - 175 - 92 - 85 + 447 - g**2. What is m(7)?
-3
Suppose 50*u - 45*u = 30, 5*b - 3*u = -133. Let n(q) = -q**3 - 23*q**2 - 3*q - 76. Determine n(b).
-7
Let o(l) = -7*l - 93. Let t be (4 - 3) + (-4180)/385 + 24/(-21). Give o(t).
-16
Let y be 1/(-36)*6 + 58/(-12). Let v(k) = k**2 - 9*k - 9. Let d(b) = -6*b**2 + 28 + 18 + 348*b - 302*b. Let f(o) = 2*d(o) + 11*v(o). Determine f(y).
3
Let k = 72 - -10. Let w = 88 - k. Let s(b) = -b**3 + 10*b + 278 - 2*b - 279 - w*b**2. Give s(-7).
-8
Suppose 0 = 5*v, d - 50*v - 6 = -46*v. Let u = 5 + 7. Suppose 4*k = d*k + u. Let p(n) = n**2 + 8*n + 3. What is p(k)?
-9
Suppose -17*t = -8*t - 9. Let c(f) = -20*f + 14*f + 6*f**2 + 4*f - f**2 + t. Calculate c(-2).
25
Let v(k) = -15*k**3 - 11*k**2 + 11*k + 37. Let f(z) = 8*z**3 + 6*z**2 - 6*z - 20. Let t(y) = 11*f(y) + 6*v(y). Give t(2).
-14
Let a(r) = 2*r + 9*r**2 + 6*r - 19*r**3 - 6*r - 17*r**3 - 31 + 35*r**3. Give a(9).
-13
Let x(u) = -u**3 + 11*u**2 - 17*u + 8. Suppose 35*i + 189 = 56*i. Calculate x(i).
17
Let m(a) = 7*a. Let y(w) = -w**2 + 13*w + 4. Let o be y(0). Give m(o).
28
Let p(z) = 43*z + 79. Let s = 16253 + -16255. Give p(s).
-7
Let d(z) be the first derivative of 0*z - 7/2*z**2 + 1/3*z**3 + 161. Give d(7).
0
Let b(d) be the first derivative of 3*d**2/2 - 13*d + 1. Suppose -4493 = -714*n + 2647. Determine b(n).
17
Let l(x) = 41*x**3 + 2*x**2 + 8*x + 19. Let p(y) = -323 + 163 + 4*y**2 + 167 + 14*y**3 - 3*y**2 + 3*y. Let t(h) = 3*l(h) - 8*p(h). Determine t(1).
10
Let o(d) = -2*d + 40. Let m = 3573 + -3559. Give o(m).
12
Let a(r) = -3*r - 11 - 12 - 18 - 2 - 36*r**2 - 3*r**3. Determine a(-12).
-7
Suppose -3*c + 12 = -6. Let k(b) = -3*b**2 + 6*b - 1. Let l(t) = -4*t**2 + 6*t - 2. Let m(w) = -3*k(w) + 2*l(w). What is m(c)?
-1
Suppose 0 = -10*b + 9*b + 22. Let u(g) = -b + 13 + 8. Let t(v) = 2*v - 16. Let d(s) = t(s) - 8*u(s). Calculate d(7).
6
Suppose 2*j - 23 = 9. Suppose -w + 10 = 4*g, 5*g - j = -3*w - 0*g. Let n(d) = d**3 + 16*d**w + 18*d**2 - d - 2 - 33*d**2. Give n(2).
8
Let i(n) = n**2 - n**3 + 1 + 1 - 2 + 4. Let h(j) = -j**2. Let v(k) =